 r be 0/(-2) - 6/(-3). Suppose -z + s = 0, -r*z = -3*z + 5*s - 4. Let l(j) = 134*j**2 - 2*j + 1. Is l(z) composite?
True
Let q be ((-14170)/(-15))/1*-6. Is ((-1)/(-2))/((-2)/q) a composite number?
True
Suppose -4*q - 7 = 13, -4*q - 30 = -5*a. Suppose 5*h = 4*c - 14165, a*c = 4*c + 4*h - 7076. Is (1/2)/(6/c) a prime number?
False
Let u(o) = o**3 + 9*o**2 + 7*o - 6. Let i be 114/(-15) - 8/20. Let a be u(i). Is a + -4 - 1 - -434 a composite number?
False
Let s(p) = -5*p**2 - 8*p + 3 + 8*p**2 - 2*p**2. Let j be s(8). Suppose -638 = -4*w + j*y, 3*w - 534 + 47 = -2*y. Is w composite?
True
Let k = 2 - -11. Let y = k + -7. Suppose y*b - 4*b = 134. Is b a composite number?
False
Let r = -2512 - -10799. Is r composite?
False
Let q = -1 - -6. Suppose -2*g - 101 = q*z, 4*z + g + g + 80 = 0. Is (z + 11)*(-97)/2 a composite number?
True
Let o = 5 - 8. Let w be o/(-5) - 21/(-15). Suppose 91 = 2*y + 3*k, 115 = 3*y + w*k - 34. Is y a prime number?
True
Let a(y) = 362*y**2 - 3*y - 1. Is a(4) a prime number?
True
Let d(t) be the third derivative of -t**6/120 + t**5/12 + 3*t**4/8 + 16*t**3/3 - 7*t**2. Is d(-5) composite?
True
Is -2 - (230020/(-25) - 4/20) composite?
False
Suppose 4*u = f - 4*f + 32, 0 = -4*u - 2*f + 28. Suppose -2*y + 2*w = -2, 0 = u*y + 2*w - w - 11. Suppose y*r - 622 = -3*i + 6*i, -3*r = -4*i - 931. Is r prime?
False
Let q(o) = -o**3 + o**2 - 4*o + 15. Is q(-6) a composite number?
True
Suppose 3*k = -2*w + 4234, w + 2*k - 2115 = -0*w. Is w prime?
False
Let f be ((-1)/3)/(3/(-1503)). Suppose 0 = -y - 4*u - 88 - 20, 3*y + 308 = -4*u. Let d = f + y. Is d a prime number?
True
Let g(v) = 3*v**2 - 3. Let p be g(-2). Is ((-1)/(-3) + 6/p)*562 composite?
True
Let y be (-2)/4*(0 + -4). Let p be y/6 - 8/24. Suppose 3*h - 2*c - 104 = p, 2*c - 140 + 54 = -2*h. Is h composite?
True
Let y be (-5592)/(-22) - (-20)/(-110). Suppose -5*x - y = -2619. Is x composite?
True
Let o be 2 + (3 - (2 + 0)). Suppose 3*w + o = -3. Let f(n) = 73*n**2 - 2*n - 3. Is f(w) prime?
True
Let z(q) = -q**3 + q**2 - q + 1. Let a(f) = -5*f**3 - 21*f**2 + 5*f + 23. Let h(u) = -a(u) + 4*z(u). Is h(-12) a prime number?
False
Suppose 0 = -b + 9*b - 32. Suppose 3*m - 78 = -v + 2*v, 312 = -b*v - 4*m. Let n = v + 136. Is n a composite number?
True
Suppose j - 9 = -j + s, -3*j = -2*s - 15. Let v be -12*j*(-4)/(-18). Is 628/v*(-2)/1 a prime number?
True
Suppose 3 = -a + 6. Let b be 343/(-3) + 1/a. Let w = b + 167. Is w composite?
False
Suppose 4780 = -0*z - 10*z. Is -3*z*(-3)/(-18) a composite number?
False
Suppose -3*q = 4*f - 14411, 0*q + 4791 = q - 5*f. Is q prime?
True
Let w(q) be the first derivative of 15*q**3 + q**2/2 - 3*q - 23. Is w(-4) a prime number?
False
Let c = 4172 + -313. Is c prime?
False
Suppose -5*j + 4*h + 10185 = 0, -3*h = -5*j - 6*h + 10150. Is j composite?
True
Let r(y) be the first derivative of 3*y**4/4 + 4*y**3 + y**2/2 - 7*y - 46. Is r(5) a composite number?
False
Let q = 109 - 101. Is (-1)/(2/(-2515)) + 12/q composite?
False
Suppose 0 = -3*t + 79 + 146. Suppose h + 4*h = t. Let s(u) = -u**3 + 17*u**2 - 23*u + 22. Is s(h) composite?
False
Let a(i) = -2*i**3 - 31*i**2 - 63*i - 37. Is a(-27) a composite number?
True
Suppose -4*k + 4*p = -16424, -4091 = -54*k + 53*k - 4*p. Is k a prime number?
False
Let x = -101473 + 173574. Is x a composite number?
False
Suppose -2*t + v = -4 - 1, -1 = v. Suppose -4*s = -t*l - 34, -s + 0*s = -3*l - 16. Is s composite?
False
Let k = -61 - -50. Is (2/6)/(k/(-16467)) prime?
True
Let w be (-63)/(-5) + 2/5. Let c(u) = u**3 - 11*u**2 + u - 4. Is c(w) a composite number?
False
Let g(y) = -y**3 + 6*y**2 + 2*y - 7. Let u be (-2 - -1 - 5)*-1. Let v be g(u). Is 14/(-20)*-4*v a composite number?
True
Suppose 2*r = 4*r - 26. Let s(x) = 10*x + 18. Let t be s(r). Suppose -4*y = -8*y + t. Is y a prime number?
True
Let a = 1015 - 482. Is a a composite number?
True
Is (5 + -7)*(-1082)/4 a composite number?
False
Let w be ((-125)/(-20))/((-1)/(-4)). Suppose 4*o = -3*i - 23, -5*o = 5*i - 2*i + w. Is (o - (3 + -6))*251 a composite number?
False
Let s(m) = 727 - 48 - 3*m + 2*m. Is s(0) prime?
False
Suppose -3*t = 3*t - 36. Let g(j) = 3 + 4 + 1 + 5*j. Is g(t) a prime number?
False
Let f be 1/3 - (-26)/(-6). Let d(u) = -1 - 1736*u + 3118*u - 1685*u. Is d(f) a composite number?
True
Suppose 3*f = -0 + 3. Let x be (f - 3)*(-2 - -1). Is x/(-12) - (-4088)/48 composite?
True
Let t(w) = 2*w**2 - 10*w + 18. Let y be t(16). Let u = 623 - y. Is u prime?
False
Let y(k) = -k**3 + 4*k**2 + 13*k + 11. Let o(s) = s**2 + 1. Let r = 6 + -11. Let w(u) = r*o(u) - y(u). Is w(11) prime?
True
Suppose -5806 = -2*y + 2*n, 6*y - 2*n = 3*y + 8709. Is y a prime number?
True
Let s = -20 + 23. Suppose -5*v + 1113 = z, -2*v - s*z + 444 = -2*z. Is v a composite number?
False
Let z = 50376 + -34193. Is z prime?
True
Let c = -658 + 367. Is c/(-1) - 1*4 a composite number?
True
Let m(j) = j + 174. Let o be m(0). Let k(y) = o - 839*y - 174. Is k(-1) a prime number?
True
Let u = 21861 - -20468. Is u composite?
True
Suppose -12*w - 1155 + 423 = 0. Let m = 430 + -717. Let o = w - m. Is o composite?
True
Suppose 0 = 4*t - v - 696, -3*v + 696 = 4*t + 2*v. Suppose -t = 2*j + 58. Let r = 379 + j. Is r composite?
False
Suppose k + 5*v = 1770, -5*k + 0*v = v - 8874. Suppose 0*p + 5*p = k. Let t = p - 198. Is t prime?
True
Let r = 12 - -17. Let z = r + -17. Suppose z = k - 22. Is k prime?
False
Let h = 4 + -1. Suppose 2*t - 523 = b + 4*b, h*t - 772 = -5*b. Is t a prime number?
False
Let w(v) = -3*v**2 - 10*v + 13. Let b be w(10). Let i = -276 - b. Is i composite?
True
Suppose -5*a - s + 144 = -0*a, 3*s + 32 = a. Let l = 236 + a. Is l composite?
True
Let c(p) = -p**2 - 11*p + 15. Let i be c(-12). Suppose 0 = 5*w, -3*w + 13 - i = 2*t. Suppose 5*m + o - 776 = 36, -t*o = -4*m + 667. Is m a prime number?
True
Is 0 - (-4 + 162)/((-2)/29) prime?
False
Suppose 18 + 6 = 4*y. Let v(w) = 5 + 0*w**3 + w**2 + 5*w**3 - 4*w**3 - 9*w + 0*w. Is v(y) composite?
True
Let x be 8 + (-6)/(-4)*-2. Suppose q - 2*c - x = 0, -3 = -3*q - 3*c + 3. Is 160 + (q - (3 + -3)) composite?
False
Suppose -y - 243 = f - 2*f, f - 2*y = 247. Suppose -349 = -4*w + f. Suppose w = -3*x + 648. Is x prime?
True
Suppose 16 = 4*v - 2*v. Suppose x + 4*r = 150, -r = r - v. Is x a composite number?
True
Suppose -3*m - 3*f - 1158 = 15141, 5*m - 4*f = -27201. Is m/(-2) - 3/(-6) composite?
False
Suppose -625 = -t + 5*g, 4*t + g + 548 = 3111. Let i = 1133 - t. Is i composite?
True
Is -22324*(12/16 - 1) a prime number?
True
Suppose 0 = 5*l - 15, -4*q - 4*l - 114 = -2*l. Let p = q + 41. Is p a prime number?
True
Suppose -12*o - 1324 = 584. Let r = o - -858. Is r a composite number?
True
Suppose -32*j + 36*j = 15908. Is j composite?
True
Suppose -3*b + 1024 = -12497. Is b composite?
False
Let l(y) = 109*y - 3 + 1 - 4 + 5. Is l(2) prime?
False
Let p(b) = -b + 17. Let f be p(13). Suppose -3*q = -2*n + 12136, 0 = -5*n + f*q + 27292 + 3041. Is n prime?
False
Is 5103470/(-345)*(-6)/4 a composite number?
False
Suppose -4*m + 8 = -0. Suppose -5*u - 33 = 5*r - m*r, r = -1. Is (-865)/(-3) - u/9 a composite number?
True
Let a be 228/16*80/6. Let r = 333 - a. Is r composite?
True
Let g(h) = 152*h - 18. Let f be g(-8). Let w = 313 + f. Let n = 1486 + w. Is n a composite number?
True
Let f be (218/(-5))/(5/25). Let h = f - -467. Is h prime?
False
Suppose -37*m - 12529 = -54*m. Is m a prime number?
False
Suppose 0 = 42*h - 48*h + 98166. Is h a composite number?
False
Suppose -3*l + 49776 = 3*p - 3171, 2*l - 4 = 0. Is p a composite number?
True
Let u be 1*(-1 - (3 + -1)). Let s(q) = -177*q + 10. Is s(u) a composite number?
False
Is (42860 - 3)*(0 + 1) prime?
False
Let f = 130 - 127. Suppose -2*v - 4*i + 214 = 0, f*v = 5*i + 218 + 48. Is v prime?
True
Suppose -2628 = -32*u + 30*u. Let m = 1473 + u. Is m composite?
True
Is (1 - 5/(-10))/(3/614) prime?
True
Let b(q) = -8*q + 18. Let u(f) = -f**2 - f + 1. Let w(o) = -b(o) - u(o). Is w(-11) prime?
True
Let r(g) be the third derivative of 67*g**4/8 - 5*g**3/3 - 14*g**2. Let d(p) = p**2 - 8*p + 5. Let u be d(8). Is r(u) prime?
False
Let b(r) be the second derivative of -r**4/12 - r**3/6 - 4*r. Let q be b(-1). Suppose 0 = -2*o - 10, -u + o + 164 = q. Is u prime?
False
Is 17543/9 - 12/54 a composite number?
False
Let g(z) = 58*